{"id":1067,"date":"2022-06-28T15:04:35","date_gmt":"2022-06-28T14:04:35","guid":{"rendered":"https:\/\/unitedefeluy.be\/?page_id=1067"},"modified":"2022-06-28T15:07:10","modified_gmt":"2022-06-28T14:07:10","slug":"inscriptions","status":"publish","type":"page","link":"https:\/\/unitedefeluy.be\/index.php\/inscriptions\/","title":{"rendered":"Inscriptions"},"content":{"rendered":"\n<p>Nous avons mis en place un nouveau syst\u00e8me d&rsquo;inscription afin de faciliter les choses !<\/p>\n\n\n\n<p>Pour inscrire votre enfant dans notre unit\u00e9, il vous suffit donc \u00e0 pr\u00e9sent de remplir ce formulaire : <a href=\"https:\/\/docs.google.com\/forms\/d\/e\/1FAIpQLSe586zdus9Kn2ennEji3rHwiNUzl-5AaQHP4OuI8le5BlZfEA\/viewform\">https:\/\/docs.google.com\/forms\/d\/e\/1FAIpQLSe586zdus9Kn2ennEji3rHwiNUzl-5AaQHP4OuI8le5BlZfEA\/viewform<\/a><\/p>\n\n\n\n<p> <img loading=\"lazy\" decoding=\"async\" height=\"16\" width=\"16\" alt=\"&#x2714;\" src=\"https:\/\/static.xx.fbcdn.net\/images\/emoji.php\/v9\/t51\/1\/16\/2714.png\"> Merci de ne compl\u00e9ter ce formulaire qu&rsquo;UNE SEULE FOIS PAR ENFANT. Nous mettons notre liste d&rsquo;attente \u00e0 jour au fur et \u00e0 mesure des ann\u00e9es selon la date de naissance de votre enfant et la date de remplissage de ce formulaire.<\/p>\n\n\n\n<p> <img loading=\"lazy\" decoding=\"async\" height=\"16\" width=\"16\" alt=\"&#x2714;\" src=\"https:\/\/static.xx.fbcdn.net\/images\/emoji.php\/v9\/t51\/1\/16\/2714.png\"> Nous vous demandons donc de nous pr\u00e9venir si vous n&rsquo;\u00eates plus int\u00e9ress\u00e9 et que vous souhaitez que votre enfant soit supprim\u00e9 de la liste d&rsquo;attente.<\/p>\n\n\n\n<p> <img loading=\"lazy\" decoding=\"async\" height=\"16\" width=\"16\" alt=\"&#x2714;\" src=\"https:\/\/static.xx.fbcdn.net\/images\/emoji.php\/v9\/t51\/1\/16\/2714.png\"> Les parents qui ont d\u00e9j\u00e0 fait les d\u00e9marches par mail et qui ont re\u00e7u une r\u00e9ponse comme quoi leur enfant \u00e9tait bien sur la liste d&rsquo;attente NE DOIVENT PAS remplir ce formulaire. <\/p>\n\n\n\n<p><img loading=\"lazy\" decoding=\"async\" height=\"16\" width=\"16\" alt=\"&#x2714;\" src=\"https:\/\/static.xx.fbcdn.net\/images\/emoji.php\/v9\/t51\/1\/16\/2714.png\"> Nous cl\u00f4turons les demandes d&rsquo;inscription le 1er mai pour la rentr\u00e9e de septembre.<\/p>\n\n\n\n<p><img loading=\"lazy\" decoding=\"async\" height=\"16\" width=\"16\" alt=\"&#x26a0;\" src=\"https:\/\/static.xx.fbcdn.net\/images\/emoji.php\/v9\/tdc\/1\/16\/26a0.png\"> Nos mouvements sont d\u00e9j\u00e0 bien remplis et nous vous conseillons de vous y prendre \u00e0 l&rsquo;avance si vous voulez \u00eatre certain que votre enfant ait une place lorsqu&rsquo;il aura l&rsquo;\u00e2ge d&rsquo;entrer aux nutons (6 ans). <\/p>\n\n\n\n<p>Il est \u00e9galement possible de rejoindre l&rsquo;unit\u00e9 \u00e0 partir des lutins, louveteaux et m\u00eame guides et scouts, mais les places se font plus rares. <\/p>\n\n\n\n<p>Pour toute autre question, vous pouvez envoyer un mail \u00e0 l&rsquo;adresse suivante : inscriptionunitedefeluy@gmail.com.<\/p>\n","protected":false},"excerpt":{"rendered":"<p>Nous avons mis en place un nouveau syst\u00e8me d&rsquo;inscription afin de faciliter les choses ! Pour inscrire votre enfant dans notre unit\u00e9, il vous suffit donc \u00e0 pr\u00e9sent de remplir &hellip; <a href=\"https:\/\/unitedefeluy.be\/index.php\/inscriptions\/\" class=\"more-link\">Continuer la lecture de <span class=\"screen-reader-text\">Inscriptions<\/span>  <span class=\"meta-nav\">&rarr;<\/span><\/a><\/p>\n","protected":false},"author":11,"featured_media":0,"parent":0,"menu_order":0,"comment_status":"closed","ping_status":"closed","template":"","meta":{"footnotes":""},"class_list":["post-1067","page","type-page","status-publish","hentry"],"_links":{"self":[{"href":"https:\/\/unitedefeluy.be\/index.php\/wp-json\/wp\/v2\/pages\/1067","targetHints":{"allow":["GET"]}}],"collection":[{"href":"https:\/\/unitedefeluy.be\/index.php\/wp-json\/wp\/v2\/pages"}],"about":[{"href":"https:\/\/unitedefeluy.be\/index.php\/wp-json\/wp\/v2\/types\/page"}],"author":[{"embeddable":true,"href":"https:\/\/unitedefeluy.be\/index.php\/wp-json\/wp\/v2\/users\/11"}],"replies":[{"embeddable":true,"href":"https:\/\/unitedefeluy.be\/index.php\/wp-json\/wp\/v2\/comments?post=1067"}],"version-history":[{"count":2,"href":"https:\/\/unitedefeluy.be\/index.php\/wp-json\/wp\/v2\/pages\/1067\/revisions"}],"predecessor-version":[{"id":1073,"href":"https:\/\/unitedefeluy.be\/index.php\/wp-json\/wp\/v2\/pages\/1067\/revisions\/1073"}],"wp:attachment":[{"href":"https:\/\/unitedefeluy.be\/index.php\/wp-json\/wp\/v2\/media?parent=1067"}],"curies":[{"name":"wp","href":"https:\/\/api.w.org\/{rel}","templated":true}]}}

<p>Nous avons mis en place un nouveau système d&rsquo;inscription afin de faciliter les choses !</p>



<p>Pour inscrire votre enfant dans notre unité, il vous suffit donc à présent de remplir ce formulaire : <a href="https://docs.google.com/forms/d/e/1FAIpQLSe586zdus9Kn2ennEji3rHwiNUzl-5AaQHP4OuI8le5BlZfEA/viewform">https://docs.google.com/forms/d/e/1FAIpQLSe586zdus9Kn2ennEji3rHwiNUzl-5AaQHP4OuI8le5BlZfEA/viewform</a></p>



<p> <img loading="lazy" decoding="async" height="16" width="16" alt="&#x2714;" src="https://static.xx.fbcdn.net/images/emoji.php/v9/t51/1/16/2714.png"> Merci de ne compléter ce formulaire qu&rsquo;UNE SEULE FOIS PAR ENFANT. Nous mettons notre liste d&rsquo;attente à jour au fur et à mesure des années selon la date de naissance de votre enfant et la date de remplissage de ce formulaire.</p>



<p> <img loading="lazy" decoding="async" height="16" width="16" alt="&#x2714;" src="https://static.xx.fbcdn.net/images/emoji.php/v9/t51/1/16/2714.png"> Nous vous demandons donc de nous prévenir si vous n&rsquo;êtes plus intéressé et que vous souhaitez que votre enfant soit supprimé de la liste d&rsquo;attente.</p>



<p> <img loading="lazy" decoding="async" height="16" width="16" alt="&#x2714;" src="https://static.xx.fbcdn.net/images/emoji.php/v9/t51/1/16/2714.png"> Les parents qui ont déjà fait les démarches par mail et qui ont reçu une réponse comme quoi leur enfant était bien sur la liste d&rsquo;attente NE DOIVENT PAS remplir ce formulaire. </p>



<p><img loading="lazy" decoding="async" height="16" width="16" alt="&#x2714;" src="https://static.xx.fbcdn.net/images/emoji.php/v9/t51/1/16/2714.png"> Nous clôturons les demandes d&rsquo;inscription le 1er mai pour la rentrée de septembre.</p>



<p><img loading="lazy" decoding="async" height="16" width="16" alt="&#x26a0;" src="https://static.xx.fbcdn.net/images/emoji.php/v9/tdc/1/16/26a0.png"> Nos mouvements sont déjà bien remplis et nous vous conseillons de vous y prendre à l&rsquo;avance si vous voulez être certain que votre enfant ait une place lorsqu&rsquo;il aura l&rsquo;âge d&rsquo;entrer aux nutons (6 ans). </p>



<p>Il est également possible de rejoindre l&rsquo;unité à partir des lutins, louveteaux et même guides et scouts, mais les places se font plus rares. </p>



<p>Pour toute autre question, vous pouvez envoyer un mail à l&rsquo;adresse suivante : inscriptionunitedefeluy@gmail.com.</p>

<p>Nous avons mis en place un nouveau système d&rsquo;inscription afin de faciliter les choses ! Pour inscrire votre enfant dans notre unité, il vous suffit donc à présent de remplir &hellip; <a href="https://unitedefeluy.be/index.php/inscriptions/" class="more-link">Continuer la lecture de <span class="screen-reader-text">Inscriptions</span>  <span class="meta-nav">&rarr;</span></a></p>
